ors of v?
19
Let c = 6962 - 3960. What are the prime factors of c?
2, 19, 79
Let x(m) = -5*m**3 + 14*m**2 - 8*m. Let q(d) = 4*d**3 - 13*d**2 + 7*d + 1. Let o(n) = 6*q(n) + 5*x(n). List the prime factors of o(-9).
3, 23
Let d(f) = 535*f**2 + 58*f + 5. List the prime factors of d(3).
2, 11, 227
Let r(m) = -2*m + 4. Let p be r(-3). Suppose p*n + 5 = 15*n. List the prime factors of ((n + -21)*-1)/1.
2, 5
Let x = -52 - -53. Let v(f) = 27*f**2 - 3*f + 2. List the prime factors of v(x).
2, 13
Suppose -32*j - 19*j = -238425. What are the prime factors of j?
5, 11, 17
Let i(o) = -o**3 + 32*o**2 + 36*o - 273. List the prime factors of i(31).
2, 11, 41
Let a(y) = y**3 + 13*y**2 + 5*y + 29. Let q be 4/((-4)/(-2)) + -10 + -4. What are the prime factors of a(q)?
113
Let j = 4 - 6. List the prime factors of 3 - j/(4/194) - -2.
2, 3, 17
List the prime factors of 6413/33*(-2 + 5).
11, 53
Let s(n) = n + 1. Let l be s(6). Suppose -5*a + l + 3 = 0. Suppose -r + 5*v = 2, -a*r + 5*v = 2*r - 22. List the prime factors of r.
2
Suppose -5*u + 6*u - 198 = 0. Let j = -62 + u. List the prime factors of j.
2, 17
Let y(f) = 2*f**2 - 4*f. Let d = 56 - 36. Suppose d = 3*u + 5. List the prime factors of y(u).
2, 3, 5
Suppose 49*o + 32878 = 66*o. List the prime factors of o.
2, 967
Let a(b) = -b**3 + 9*b**2 - 8*b + 3. Let s be a(8). Suppose -5*f - 2*x = 50, -2 = x + s. Let o = 24 - f. List the prime factors of o.
2
Suppose -2*v + 458 = -5*k - 0*v, 4*v = 2*k + 196. Let p = k - -279. List the prime factors of p.
3, 7
Let t = 5 - 7. Let m(h) = -h**3 - 3*h**2 + 15*h + 2. Let o be m(-6). Let l = o - t. List the prime factors of l.
2, 11
Suppose 2*p + 2*f = -162, -399 = 6*p - p + 2*f. Let d = -52 - p. List the prime factors of d/(5/2 + -2).
2, 3
Suppose 17*o + 769 - 18262 = 0. List the prime factors of o.
3, 7
Suppose -4*t - 5*q + 797 = 0, -t + 5*t - 3*q = 789. What are the prime factors of t?
2, 3, 11
Suppose 404 = -4*t - 152. Let y = -90 - t. What are the prime factors of y?
7
Let j(c) = -c - 21. Let g be j(15). Let n be 12/8 + g/(-8). List the prime factors of n/10*(19 - -6).
3, 5
Let m(c) = -10*c**3 + 5*c**2 + 6*c + 7. Let r be m(-3). Suppose 2*w - 96 = -b, -b - 2*b - 2*w + r = 0. List the prime factors of b.
2, 13
Let d = 211 - -60. What are the prime factors of d?
271
Suppose -3 = -v + 2. Suppose v*n - 5*b - 412 = -167, 5*n - 3*b - 251 = 0. List the prime factors of n.
2, 13
Suppose 0 = 5*o + 5*t - 225, 0 = -0*o + 3*o - 3*t - 153. Let v = -40 + o. List the prime factors of v.
2
Let c = -69 + 252. What are the prime factors of c?
3, 61
Let g be -41*(1 - 0)*-1. Suppose 5*c - 4 - g = 0. Suppose 2*l + 29 = o, 5*o + l + 144 = c*o. What are the prime factors of o?
37
Suppose 3*r - 2049 = 3*l, -2*r = -3*r - 2*l + 680. List the prime factors of r.
2, 11, 31
Let s(p) = 17*p + 22. List the prime factors of s(9).
5, 7
Let x be (-1031)/(-6) - (-2)/12. Let c = x + -98. List the prime factors of c.
2, 37
Suppose 9*l - 4*l - 2270 = 0. What are the prime factors of l?
2, 227
Suppose -5*o + 5503 = 3*v, 5*v + 860 = 3*o - 2469. List the prime factors of o.
1103
Let y = -14 + 24. Let u = y - -14. List the prime factors of u.
2, 3
Suppose 2*c + 1416 = 5*h, -4*h + 3*c + 1143 = -2*c. What are the prime factors of h?
2, 3, 47
Let a = 43 - 43. Suppose 2*i + 2*b - 64 = a, 2*i - 2*b = b + 84. List the prime factors of i.
2, 3
Suppose -r + 20 = -7. Suppose 5*i = 4*a - 5 + 14, 0 = -3*a - 3*i + r. Suppose -a*h + 160 = 60. What are the prime factors of h?
5
Let f(w) = -8 - 14*w + 15*w - 3*w**3 + 2*w**3. What are the prime factors of f(-4)?
2, 13
Suppose -4*b = -4*f - 16, 0 = -3*f + 2*b + 3 - 11. Suppose 5*d = 3*z + 108, f = -2*z - 4*d - 57 - 37. Let y = 63 + z. List the prime factors of y.
2, 11
Let p(l) = l**3 + 58*l**2 - 37*l - 60. List the prime factors of p(-58).
2, 7, 149
Suppose -2*r + 91 = 5*t, r + 5*t + 6 = 64. What are the prime factors of r?
3, 11
Suppose 2*p = 9*p - 35. Suppose 12*t + u - 1055 = 8*t, -u = p*t - 1319. List the prime factors of t.
2, 3, 11
Suppose -5*t - 10 = -l - 2, 0 = 2*l + 3*t + 10. What are the prime factors of (4*-5)/(-5) - l?
2, 3
Let m(g) = -30*g + 8. Let i be m(-2). Let o = 104 - i. What are the prime factors of o?
2, 3
Let j be 0/((-10)/2)*1. Suppose -5*l + 4*q = -j*l - 1270, 4*q - 536 = -2*l. What are the prime factors of l?
2, 3, 43
List the prime factors of 429 + 4/10*(2 - -3).
431
Suppose -6*r + 5*r = 0. Suppose 3*k = -r*k + 18. Suppose 0 = 2*u + k - 30. What are the prime factors of u?
2, 3
Suppose 2*n = -5*s + 3050, 13*n - 12*n = -2*s + 1523. List the prime factors of n.
3, 5, 101
Suppose 0 = -11*w + w - 290. Let v = w + 37. List the prime factors of v.
2
Let y(v) = -v**2 + 7*v + 1. Let q(i) = -i**2 + 8*i - 12. Let f be q(4). What are the prime factors of y(f)?
13
Let m = 209 + -406. Let h = -115 - m. List the prime factors of h.
2, 41
Suppose 90 = 4*b - 502. Suppose -752 = -12*x + b. What are the prime factors of x?
3, 5
Let v be -1010*(-1)/((6 - 1)/(-5)). Let k = -684 - v. What are the prime factors of k?
2, 163
Suppose 292*m - 299*m = -21343. What are the prime factors of m?
3049
Let t(v) = -2*v - 15. Let l be t(-9). What are the prime factors of l + (0/(-3) - -106)?
109
Suppose 0 = 2*p - 3*l - 329, p = -0*p + 5*l + 168. What are the prime factors of p?
163
Suppose -5*l + l - 16 = 0. What are the prime factors of 75/2*l/(-6)?
5
What are the prime factors of ((-104)/(-16))/(-13)*-3446?
1723
Let u = -889 - -1048. What are the prime factors of u?
3, 53
Suppose 7*h - 14197 = -4215. What are the prime factors of h?
2, 23, 31
Suppose x = 3*x + 144. Let a be 1/2 - x/16. Suppose -a*g + 10 = -195. What are the prime factors of g?
41
Let y = -113 - -63. Let z = 131 + y. What are the prime factors of z?
3
Let c(u) = -u**2 + 93*u - 26. List the prime factors of c(53).
2, 3, 349
Let a(i) = -53*i + 15. List the prime factors of a(-2).
11
Let n(g) be the first derivative of -g**3 - g**2 + 5*g + 7. Let u be n(5). What are the prime factors of (6/(-5))/(4/u)?
2, 3
Let a(w) be the first derivative of -1/2*w**2 + 3*w - 1/2*w**4 + 5 - 5/3*w**3. What are the prime factors of a(-3)?
3, 5
Suppose 5*q + 4*o = -121, o + 1 = 2*o. Let z = 25 + q. Suppose z*a + a - 8 = 0. What are the prime factors of a?
2
Suppose 0 = 173*f - 169*f - 11720. What are the prime factors of f?
2, 5, 293
Suppose 23936 = 36*g - 4*g. What are the prime factors of g?
2, 11, 17
Suppose -2*r - 5*v + 21 = -8*v, -2*r = -2*v - 16. Suppose 4*a = -r*h + 1059, a + 5*h = 206 + 80. What are the prime factors of a?
3, 29
Let g(h) = -h**3 + 26*h**2 - 19*h - 42. Let a be g(25). Suppose 57*w - 51*w - a = 0. What are the prime factors of w?
2, 3
Let c(f) = -f**2 - 14*f - 8. Let y be c(-13). Suppose 0 = y*v + 11 + 4. What are the prime factors of v + 11/((-11)/(-54))?
3, 17
Let y(k) = k + 293. What are the prime factors of y(41)?
2, 167
Let v(h) = -7 - h + 2 + 0*h. Let w be v(-7). Suppose w*i - 92 = -18. What are the prime factors of i?
37
Let j(l) = -206*l + 128. List the prime factors of j(-5).
2, 3, 193
Let q(t) = -t**3 - 10*t**2 - 11*t - 15. Let i be q(-9). What are the prime factors of (-9 + 0)*(-31)/i?
3, 31
What are the prime factors of (-4)/(-7) + (782028/(-63))/(-12)?
3, 5, 23
Suppose -6*t - 3*t + 189 = 0. What are the prime factors of (-1535)/(-35) - (-3)/t?
2, 11
Let d be -2 - (3 + -4 - 8). Suppose -7 = -d*u + 21. Suppose 2*s - u*t = -1 + 17, 2*s + 5*t = 7. What are the prime factors of s?
2, 3
Let t = 1147 - -534. What are the prime factors of t?
41
Suppose 0*f = -2*f + 3*v - 2, 4*f + 5*v = 40. Suppose f*d = 149 + 341. What are the prime factors of d?
2, 7
Let s(t) = -7*t + 52. Let w(j) = 1. Let m(h) = s(h) + 3*w(h). Let x(o) = o - 9. Let p(r) = -6*m(r) - 39*x(r). List the prime factors of p(0).
3, 7
Suppose 408*i - 1642 = 407*i. What are the prime factors of i?
2, 821
Let v be 24/9*(3 - 6). Let x = v - -28. Suppose 62 = 5*r - o, 2*o - x = -r - r. List the prime factors of r.
2, 3
Let t(h) = h**2 - 4*h + 2. Let s be t(1). Let l(p) = -290*p - 5. List the prime factors of l(s).
3, 5, 19
Let j(r) = -r**3 - 60*r**2 + 91*r + 147. List the prime factors of j(-62).
3, 17, 43
Let a = 614 + -303. List the prime factors of a.
311
List the prime factors of ((60 - 0) + -48 + 49)*25.
5, 61
Let w = 58 + -50. Suppose -11*x + 78 